emainder when 742 is divided by 62.
60
What is the remainder when 315 is divided by 62?
5
What is the remainder when 137 is divided by 47?
43
What is the remainder when 479 is divided by 83?
64
What is the remainder when 2564 is divided by 29?
12
Calculate the remainder when 248 is divided by 121.
6
What is the remainder when 118 is divided by 53?
12
What is the remainder when 1030 is divided by 349?
332
What is the remainder when 424 is divided by 140?
4
Calculate the remainder when 324 is divided by 25.
24
What is the remainder when 1762 is divided by 13?
7
Calculate the remainder when 374 is divided by 15.
14
What is the remainder when 142 is divided by 10?
2
Calculate the remainder when 296 is divided by 12.
8
What is the remainder when 412 is divided by 13?
9
Calculate the remainder when 548 is divided by 11.
9
Calculate the remainder when 533 is divided by 49.
43
What is the remainder when 55 is divided by 35?
20
What is the remainder when 3884 is divided by 111?
110
What is the remainder when 164 is divided by 24?
20
What is the remainder when 121 is divided by 16?
9
Calculate the remainder when 187 is divided by 27.
25
What is the remainder when 3696 is divided by 100?
96
Calculate the remainder when 49 is divided by 9.
4
What is the remainder when 1601 is divided by 203?
180
Calculate the remainder when 83 is divided by 21.
20
What is the remainder when 166 is divided by 12?
10
What is the remainder when 79 is divided by 12?
7
Calculate the remainder when 27 is divided by 19.
8
What is the remainder when 333 is divided by 9?
0
Calculate the remainder when 158 is divided by 69.
20
What is the remainder when 1421 is divided by 175?
21
What is the remainder when 488 is divided by 68?
12
What is the remainder when 2390 is divided by 44?
14
What is the remainder when 329 is divided by 25?
4
What is the remainder when 334 is divided by 57?
49
Calculate the remainder when 13079 is divided by 13068.
11
What is the remainder when 18 is divided by 12?
6
Calculate the remainder when 337 is divided by 164.
9
Calculate the remainder when 569 is divided by 28.
9
What is the remainder when 39 is divided by 26?
13
What is the remainder when 3396 is divided by 170?
166
What is the remainder when 25 is divided by 13?
12
Calculate the remainder when 342 is divided by 69.
66
Calculate the remainder when 44 is divided by 9.
8
Calculate the remainder when 12994 is divided by 19.
17
What is the remainder when 632 is divided by 81?
65
Calculate the remainder when 965 is divided by 14.
13
What is the remainder when 856 is divided by 403?
50
What is the remainder when 65 is divided by 23?
19
What is the remainder when 408 is divided by 46?
40
What is the remainder when 118 is divided by 33?
19
Calculate the remainder when 1017 is divided by 188.
77
What is the remainder when 523 is divided by 51?
13
Calculate the remainder when 2834 is divided by 559.
39
What is the remainder when 209 is divided by 39?
14
What is the remainder when 77 is divided by 26?
25
Calculate the remainder when 3675 is divided by 92.
87
What is the remainder when 31 is divided by 10?
1
What is the remainder when 2067 is divided by 94?
93
What is the remainder when 223 is divided by 105?
13
Calculate the remainder when 171 is divided by 58.
55
Calculate the remainder when 2121 is divided by 52.
41
What is the remainder when 855 is divided by 48?
39
Calculate the remainder when 281 is divided by 29.
20
What is the remainder when 591 is divided by 66?
63
Calculate the remainder when 54 is divided by 30.
24
Calculate the remainder when 1656 is divided by 26.
18
Calculate the remainder when 86 is divided by 79.
7
What is the remainder when 445 is divided by 64?
61
What is the remainder when 800 is divided by 138?
110
What is the remainder when 53 is divided by 14?
11
Calculate the remainder when 13121 is divided by 54.
53
Calculate the remainder when 1079 is divided by 40.
39
Calculate the remainder when 380 is divided by 24.
20
Calculate the remainder when 160 is divided by 11.
6
Calculate the remainder when 650 is divided by 160.
10
What is the remainder when 374 is divided by 15?
14
Calculate the remainder when 91 is divided by 5.
1
What is the remainder when 653 is divided by 17?
7
What is the remainder when 495 is divided by 262?
233
What is the remainder when 153 is divided by 26?
23
What is the remainder when 16431 is divided by 401?
391
What is the remainder when 264 is divided by 90?
84
What is the remainder when 2179 is divided by 13?
8
Calculate the remainder when 544 is divided by 181.
1
What is the remainder when 85 is divided by 37?
11
What is the remainder when 1860 is divided by 23?
20
What is the remainder when 4863 is divided by 29?
20
What is the remainder when 7524 is divided by 99?
0
Calculate the remainder when 4297 is divided by 10.
7
Calculate the remainder when 321 is divided by 108.
105
Calculate the remainder when 331 is divided by 79.
15
What is the remainder when 735 is divided by 22?
9
What is the remainder when 197 is divided by 111?
86
Calculate the remainder when 3898 is divided by 65.
63
What is the remainder when 1980 is divided by 16?
12
Calculate the remainder when 1810 is divided by 41.
6
Calculate the remainder when 7216 is divided by 83.
78
What is the remainder when 349 is divided by 27?
25
Calculate the remainder when 14068 is divided by 11.
10
What is the remainder when 2186 is divided by 22?
8
Calculate the remainder when 86 is divided by 18.
14
What is the remainder when 134 is divided by 34?
32
What is the remainder when 361 is divided by 87?
13
What is the remainder when 79 is divided by 29?
21
Calculate the remainder when 199 is divided by 57.
28
Calculate the remainder when 5799 is divided by 2898.
3
Calculate the remainder when 1263 is divided by 47.
41
What is the remainder when 240 is divided by 57?
12
Calculate the remainder when 3983 is divided by 2.
1
What is the remainder when 19 is divided by 4?
3
Calculate the remainder when 5337 is divided by 1777.
6
Calculate the remainder when 197 is divided by 11.
10
Calculate the remainder when 35 is divided by 22.
13
What is the remainder when 1113 is divided by 92?
9
Calculate the remainder when 4782 is divided by 75.
57
What is the remainder when 18 is divided by 16?
2
Calculate the remainder when 484 is divided by 81.
79
What is the remainder when 22 is divided by 14?
8
Calculate the remainder when 518 is divided by 42.
14
What is the remainder when 386 is divided by 39?
35
What is the remainder when 16088 is divided by 18?
14
What is the remainder when 358 is divided by 88?
6
Calculate the remainder when 2170 is divided by 267.
34
What is the remainder when 8193 is divided by 34?
33
Calculate the remainder when 58 is divided by 6.
4
Calculate the remainder when 519 is divided by 13.
12
Calculate the remainder when 257 is divided by 26.
23
What is the remainder when 114 is divided by 42?
30
What is the remainder when 100 is divided by 38?
24
What is the remainder when 94 is divided by 27?
13
Calculate the remainder when 2889 is divided by 34.
33
Calculate the remainder when 274 is divided by 142.
132
Calculate the remainder when 62 is divided by 24.
14
Calculate the remainder when 343 is divided by 5.
3
What is the remainder when 370 is divided by 53?
52
What is the remainder when 84 is divided by 29?
26
Calculate the remainder when 3582 is divided by 15.
12
Calculate the remainder when 266 is divided by 39.
32
Calculate the remainder when 813 is divided by 74.
73
Calculate the remainder when 668 is divided by 210.
38
Calculate the remainder when 1990 is divided by 181.
180
What is the remainder when 5530 is divided by 191?
182
What is the remainder when 98 is divided by 25?
23
What is the remainder when 3397 is divided by 103?
101
What is the remainder when 8525 is divided by 3?
2
Calculate the remainder when 7 is divided by 7.
0
What is the remainder when 146 is divided by 39?
29
What is the remainder when 3143 is divided by 30?
23
Calculate the remainder when 2087 is divided by 561.
404
What is the remainder when 216 is divided by 119?
97
Calculate the remainder when 393 is divided by 135.
123
What is the remainder when 982 is divided by 161?
16
Calculate the remainder when 166 is divi